4?
9
What is the tens digit of 24359977?
7
What is the hundreds digit of 54386871?
8
What is the millions digit of 297805105?
7
What is the millions digit of 54522984?
4
What is the tens digit of 369161155?
5
What is the units digit of 11050266?
6
What is the units digit of 1926939519?
9
What is the hundreds digit of 28147103?
1
What is the millions digit of 233858140?
3
What is the tens digit of 45327411?
1
What is the hundred thousands digit of 875685666?
6
What is the hundred millions digit of 2892734984?
8
What is the thousands digit of 351575044?
5
What is the hundred millions digit of 280841678?
2
What is the ten millions digit of 129521103?
2
What is the thousands digit of 160418875?
8
What is the millions digit of 54743213?
4
What is the hundreds digit of 2116633622?
6
What is the hundred thousands digit of 509674522?
6
What is the hundred thousands digit of 2695378?
6
What is the hundred thousands digit of 11736388?
7
What is the hundred thousands digit of 11765155?
7
What is the hundreds digit of 759601444?
4
What is the hundred millions digit of 5512790397?
5
What is the thousands digit of 35650315?
0
What is the tens digit of 1104989711?
1
What is the hundreds digit of 1721368880?
8
What is the tens digit of 99054907?
0
What is the ten thousands digit of 25878914?
7
What is the millions digit of 22498953?
2
What is the hundred thousands digit of 1521783751?
7
What is the hundred millions digit of 662036664?
6
What is the millions digit of 92015594?
2
What is the ten millions digit of 28873088?
2
What is the ten thousands digit of 94884604?
8
What is the tens digit of 750982006?
0
What is the hundreds digit of 42398667?
6
What is the hundreds digit of 52382296?
2
What is the tens digit of 302650032?
3
What is the millions digit of 1065950512?
5
What is the hundreds digit of 321440662?
6
What is the hundreds digit of 297986833?
8
What is the units digit of 170642183?
3
What is the tens digit of 998747329?
2
What is the hundred millions digit of 131061395?
1
What is the units digit of 35784735?
5
What is the units digit of 7144871?
1
What is the hundred thousands digit of 13405001?
4
What is the ten millions digit of 3116460418?
1
What is the thousands digit of 1043012171?
2
What is the hundred thousands digit of 105350167?
3
What is the billions digit of 3295215318?
3
What is the ten millions digit of 450809347?
5
What is the hundreds digit of 162245052?
0
What is the millions digit of 55968788?
5
What is the tens digit of 19250339?
3
What is the units digit of 61764288?
8
What is the ten millions digit of 133894705?
3
What is the hundreds digit of 1333470847?
8
What is the ten thousands digit of 1075240490?
4
What is the thousands digit of 104734145?
4
What is the tens digit of 113898820?
2
What is the hundreds digit of 356747107?
1
What is the hundred thousands digit of 870438245?
4
What is the units digit of 80409013?
3
What is the units digit of 15021415?
5
What is the ten millions digit of 58220729?
5
What is the thousands digit of 36214453?
4
What is the millions digit of 102071272?
2
What is the ten millions digit of 829242424?
2
What is the thousands digit of 587472009?
2
What is the ten millions digit of 81250733?
8
What is the hundreds digit of 2158479753?
7
What is the ten millions digit of 243198635?
4
What is the hundred thousands digit of 30473371?
4
What is the thousands digit of 175587477?
7
What is the units digit of 1624557970?
0
What is the tens digit of 3581801382?
8
What is the ten thousands digit of 3312117164?
1
What is the tens digit of 715399309?
0
What is the millions digit of 34604010?
4
What is the hundred millions digit of 972042325?
9
What is the hundred millions digit of 136295864?
1
What is the ten millions digit of 67878281?
6
What is the millions digit of 31833914?
1
What is the ten millions digit of 97179523?
9
What is the tens digit of 266686036?
3
What is the thousands digit of 333890711?
0
What is the thousands digit of 34421307?
1
What is the thousands digit of 706559754?
9
What is the ten millions digit of 50705183?
5
What is the hundred thousands digit of 3383533?
3
What is the ten millions digit of 117369648?
1
What is the ten millions digit of 92974760?
9
What is the ten millions digit of 406821389?
0
What is the ten millions digit of 2080493641?
8
What is the millions digit of 113562872?
3
What is the hundreds digit of 77200077?
0
What is the ten millions digit of 4561255622?
6
What is the millions digit of 89726139?
9
What is the millions digit of 5044173422?
4
What is the units digit of 48190676?
6
What is the thousands digit of 182253802?
3
What is the units digit of 60515858?
8
What is the ten thousands digit of 2426358739?
5
What is the hundreds digit of 505603625?
6
What is the hundred millions digit of 1806500245?
8
What is the thousands digit of 1271732387?
2
What is the thousands digit of 66484144?
4
What is the millions digit of 54713912?
4
What is the ten thousands digit of 189166292?
6
What is the tens digit of 3556547812?
1
What is the hundred thousands digit of 4442377?
4
What is the thousands digit of 24861048?
1
What is the hundreds digit of 983585417?
4
What is the thousands digit of 362335909?
5
What is the hundreds digit of 19124390?
3
What is the tens digit of 186656793?
9
What is the tens digit of 1155857422?
2
What is the thousands digit of 1990088531?
8
What is the ten millions digit of 256868949?
5
What is the hundred thousands digit of 321209632?
2
What is the millions digit of 99741651?
9
What is the units digit of 52136911?
1
What is the hundred millions digit of 878327660?
8
What is the hundred thousands digit of 1920060583?
0
What is the tens digit of 4255523971?
7
What is the tens digit of 340074142?
4
What is the tens digit of 118273283?
8
What is the hundred millions digit of 289613202?
2
What is the ten millions digit of 25568532?
2
What is the ten thousands digit of 38424390?
2
What is the hundred thousands digit of 18394008?
3
What is the ten thousands digit of 7720032?
2
What is the hundred thousands digit of 73233700?
2
What is the hundreds digit of 49417573?
5
What is the thousands digit of 409692301?
2
What is the units digit of 20601868?
8
What is the ten millions digit of 67845406?
6
What is the millions digit of 212271010?
2
What is the hundred millions digit of 359771765?
3
What is the ten millions digit of 842374368?
4
What is the tens digit of 1248379875?
7
What is the hundred thousands digit of 536347786?
3
What is the hundreds digit of 949919793?
7
What is the thousands digit of 208762375?
2
What is the hundred millions digit of 480894873?
4
What is the hundred millions digit of 260552936?
2
What is the millions digit of 237162841?
7
What is the hundreds digit of 9076567?
5
What is the ten thousands digit of 17511675?
1
What is the hundred thousands digit of 113859155?
8
What is the hundred millions digit of 2340712605?
3
What is the ten thousands digit of 3958281188?
8
What is the thousands digit of 32820131?
0
What is the thousands digit of 41338391?
8
What is the hundred millions digit of 5952758194?
9
What is the ten millions digit of 797654008?
9
What is the units digit of 492999607?
7
What is the thousands digit of 476030820?
0
What is the tens digit of 1465159854?
5
What is the units digit of 13190064?
4
What is the hundred millions digit of 1385788039?
3
What is the thousands digit of 1520845802?
5
What is the units digit of 602286430?
0
What is the hundreds digit of 111968194?
1
What is the units digit of 107142650?
0
What is the tens digit of 30732056?
5
What is the units digit of 78546538?
8
What is the hundred thousands digit of 855951758?
9
What is the hundred thousands digit of 8098805644?
8
What is the units digit of 116006430?
0
What is the millions digit of 890560292?
0
What is the hundred thousands digit of 223599439?
5
What is the tens digit of 1019251427?
2
What is the ten thousands digit of 152088278?
8
What is the ten millions digit of 172410148?
7
What is the thousands digit of 804346312?
6
What is the thousands digit of 511243618?
3
What is the units digit of 98250399?
9
What is the thousands digit of 805500026?
0
What is the units digit of 2649468753?
3
What is the ten millions digit of 141244252?
4
What is the hun